{"id":302,"date":"2021-02-08T12:28:02","date_gmt":"2021-02-08T10:28:02","guid":{"rendered":"http:\/\/www.lappituote.fi\/lapinlumo\/?page_id=302"},"modified":"2021-02-26T10:46:38","modified_gmt":"2021-02-26T08:46:38","slug":"maksutavat","status":"publish","type":"page","link":"https:\/\/www.lappituote.fi\/lapinlumo\/?page_id=302","title":{"rendered":"Maksutavat"},"content":{"rendered":"\t\t<div data-elementor-type=\"wp-page\" data-elementor-id=\"302\" class=\"elementor elementor-302\">\n\t\t\t\t\t\t<section class=\"elementor-section elementor-top-section elementor-element elementor-element-f946ab9 elementor-section-height-min-height elementor-section-stretched elementor-section-boxed elementor-section-height-default elementor-section-items-middle\" data-id=\"f946ab9\" data-element_type=\"section\" data-settings=\"{&quot;stretch_section&quot;:&quot;section-stretched&quot;}\">\n\t\t\t\t\t\t\t<div class=\"elementor-background-overlay\"><\/div>\n\t\t\t\t\t\t\t<div class=\"elementor-container elementor-column-gap-default\">\n\t\t\t\t\t<div class=\"elementor-column elementor-col-100 elementor-top-column elementor-element elementor-element-eb07fa6\" data-id=\"eb07fa6\" data-element_type=\"column\">\n\t\t\t<div class=\"elementor-widget-wrap elementor-element-populated\">\n\t\t\t\t\t\t<div class=\"elementor-element elementor-element-308546d elementor-widget elementor-widget-heading\" data-id=\"308546d\" data-element_type=\"widget\" data-widget_type=\"heading.default\">\n\t\t\t\t<div class=\"elementor-widget-container\">\n\t\t\t\t\t<h1 class=\"elementor-heading-title elementor-size-default\">Maksutavat<\/h1>\t\t\t\t<\/div>\n\t\t\t\t<\/div>\n\t\t\t\t<div class=\"elementor-element elementor-element-548db4d elementor-widget elementor-widget-heading\" data-id=\"548db4d\" data-element_type=\"widget\" data-widget_type=\"heading.default\">\n\t\t\t\t<div class=\"elementor-widget-container\">\n\t\t\t\t\t<h5 class=\"elementor-heading-title elementor-size-default\">Lapin lumo<\/h5>\t\t\t\t<\/div>\n\t\t\t\t<\/div>\n\t\t\t\t\t<\/div>\n\t\t<\/div>\n\t\t\t\t\t<\/div>\n\t\t<\/section>\n\t\t\t\t<section class=\"elementor-section elementor-top-section elementor-element elementor-element-679db89 elementor-section-boxed elementor-section-height-default elementor-section-height-default\" data-id=\"679db89\" data-element_type=\"section\">\n\t\t\t\t\t\t<div class=\"elementor-container elementor-column-gap-default\">\n\t\t\t\t\t<div class=\"elementor-column elementor-col-100 elementor-top-column elementor-element elementor-element-b27fcb4\" data-id=\"b27fcb4\" data-element_type=\"column\">\n\t\t\t<div class=\"elementor-widget-wrap elementor-element-populated\">\n\t\t\t\t\t\t<div class=\"elementor-element elementor-element-a2c322c elementor-widget elementor-widget-text-editor\" data-id=\"a2c322c\" data-element_type=\"widget\" data-widget_type=\"text-editor.default\">\n\t\t\t\t<div class=\"elementor-widget-container\">\n\t\t\t\t\t\t\t\t\t<div class=\"et_pb_module et_pb_text et_pb_text_0  et_pb_text_align_center et_pb_bg_layout_light\"><div class=\"et_pb_text_inner\"><p>Klarna Checkout -palvelun avulla voit helposti, joustavasti ja turvallisesti tehd\u00e4 ostoksia netiss\u00e4. Vastaamalla pariin helppoon kysymykseen tunnistaudut palvelussa k\u00e4tev\u00e4sti ja voit valita sinulle parhaiten sopivan maksutavan.<\/p><p>K\u00e4yt\u00f6ss\u00e4si olevat vaihtoehdot ovat Lasku, er\u00e4maksu, verkkopankit ja luottokortit \u2013 kaikki yht\u00e4 turvallisia! K\u00e4ytt\u00e4m\u00e4ll\u00e4 Klarna Checkout -palvelua hyv\u00e4ksyt Klarna Bank AB:n (556737-0431, Sveav\u00e4gen 46, 11134 Stockholm) ehdot, jotka l\u00f6yd\u00e4t kassalta. Mik\u00e4li sinulla on maksamiseen liittyvi\u00e4 kysymyksi\u00e4, pyyd\u00e4mme ottamaan suoraan yhteytt\u00e4 Klarnan asiakaspalveluun. L\u00f6yd\u00e4t asiakaspalvelun yhteystiedot, Oma Klarna -palvelun ja muuta hy\u00f6dyllist\u00e4 tietoa osoitteesta\u00a0<a href=\"https:\/\/www.klarna.com\/fi\/asiakaspalvelu\">https:\/\/www.klarna.com\/fi\/asiakaspalvelu<\/a><\/p><\/div><\/div>\t\t\t\t\t\t\t\t<\/div>\n\t\t\t\t<\/div>\n\t\t\t\t\t<\/div>\n\t\t<\/div>\n\t\t\t\t\t<\/div>\n\t\t<\/section>\n\t\t\t\t<\/div>\n\t\t","protected":false},"excerpt":{"rendered":"<p>Maksutavat Lapin lumo Klarna Checkout -palvelun avulla voit helposti, joustavasti ja turvallisesti tehd\u00e4 ostoksia netiss\u00e4. Vastaamalla pariin helppoon kysymykseen tunnistaudut palvelussa k\u00e4tev\u00e4sti ja voit valita sinulle parhaiten sopivan maksutavan. K\u00e4yt\u00f6ss\u00e4si olevat vaihtoehdot ovat Lasku, er\u00e4maksu, verkkopankit ja luottokortit \u2013 kaikki yht\u00e4 turvallisia! K\u00e4ytt\u00e4m\u00e4ll\u00e4 Klarna Checkout -palvelua hyv\u00e4ksyt Klarna Bank AB:n (556737-0431, Sveav\u00e4gen 46, 11134 Stockholm)&hellip;&nbsp;<a href=\"https:\/\/www.lappituote.fi\/lapinlumo\/?page_id=302\" rel=\"bookmark\">Lue lis\u00e4\u00e4 &raquo;<span class=\"screen-reader-text\">Maksutavat<\/span><\/a><\/p>\n","protected":false},"author":1,"featured_media":0,"parent":0,"menu_order":0,"comment_status":"closed","ping_status":"closed","template":"","meta":{"neve_meta_sidebar":"","neve_meta_container":"","neve_meta_enable_content_width":"","neve_meta_content_width":0,"neve_meta_title_alignment":"","neve_meta_author_avatar":"","neve_post_elements_order":"","neve_meta_disable_header":"","neve_meta_disable_footer":"","neve_meta_disable_title":"","footnotes":""},"class_list":["post-302","page","type-page","status-publish","hentry"],"_links":{"self":[{"href":"https:\/\/www.lappituote.fi\/lapinlumo\/index.php?rest_route=\/wp\/v2\/pages\/302","targetHints":{"allow":["GET"]}}],"collection":[{"href":"https:\/\/www.lappituote.fi\/lapinlumo\/index.php?rest_route=\/wp\/v2\/pages"}],"about":[{"href":"https:\/\/www.lappituote.fi\/lapinlumo\/index.php?rest_route=\/wp\/v2\/types\/page"}],"author":[{"embeddable":true,"href":"https:\/\/www.lappituote.fi\/lapinlumo\/index.php?rest_route=\/wp\/v2\/users\/1"}],"replies":[{"embeddable":true,"href":"https:\/\/www.lappituote.fi\/lapinlumo\/index.php?rest_route=%2Fwp%2Fv2%2Fcomments&post=302"}],"version-history":[{"count":4,"href":"https:\/\/www.lappituote.fi\/lapinlumo\/index.php?rest_route=\/wp\/v2\/pages\/302\/revisions"}],"predecessor-version":[{"id":704,"href":"https:\/\/www.lappituote.fi\/lapinlumo\/index.php?rest_route=\/wp\/v2\/pages\/302\/revisions\/704"}],"wp:attachment":[{"href":"https:\/\/www.lappituote.fi\/lapinlumo\/index.php?rest_route=%2Fwp%2Fv2%2Fmedia&parent=302"}],"curies":[{"name":"wp","href":"https:\/\/api.w.org\/{rel}","templated":true}]}}