{"id":1491,"date":"2023-04-24T14:39:31","date_gmt":"2023-04-24T12:39:31","guid":{"rendered":"https:\/\/www.lappituote.fi\/lapinlumo\/?post_type=product&#038;p=1491"},"modified":"2023-04-24T14:39:31","modified_gmt":"2023-04-24T12:39:31","slug":"korvakorut-luu-nappi","status":"publish","type":"product","link":"https:\/\/www.lappituote.fi\/lapinlumo\/?product=korvakorut-luu-nappi","title":{"rendered":"Korvakorut, Luu, nappi"},"content":{"rendered":"","protected":false},"excerpt":{"rendered":"<p>Monik\u00e4ytt\u00f6iset ja n\u00e4ytt\u00e4v\u00e4n kauniit korvakorut on helppo yhdist\u00e4\u00e4 monenlaiseen asuun. Korvakoruissa yhdistyy Lapin perinteikkyys ja moderni tyylikkyys. Materiaali on hy\u00f6dynnetty tuotannon ylij\u00e4\u00e4m\u00e4 luusta, antaen koruille ekologista lis\u00e4arvoa. Materiaali on poron sarviluuta, jossa jokainen kohta on erilainen. N\u00e4in ollen jokainen koru on uniikki yksil\u00f6 ja koot voivat aavistuksen vaihdella.<\/p>\n<p>Materiaali: poron luu, kirurgin ter\u00e4s<\/p>\n<p>Koko: Luu napin halkaisija n. 1,5cm<\/p>\n<p>Suunnittelu: Iida Kanto<\/p>\n<p>Valmistettu: Suomessa<\/p>\n","protected":false},"featured_media":1492,"comment_status":"open","ping_status":"closed","template":"","meta":{"neve_meta_sidebar":"","neve_meta_container":"","neve_meta_enable_content_width":"off","neve_meta_content_width":0,"neve_meta_title_alignment":"","neve_meta_author_avatar":"","neve_post_elements_order":"","neve_meta_disable_header":"","neve_meta_disable_footer":"","neve_meta_disable_title":""},"product_brand":[],"product_cat":[22],"product_tag":[65],"class_list":{"0":"post-1491","1":"product","2":"type-product","3":"status-publish","4":"has-post-thumbnail","6":"product_cat-lahjatavarat","7":"product_tag-korvakorut","9":"first","10":"instock","11":"taxable","12":"shipping-taxable","13":"purchasable","14":"product-type-simple"},"_links":{"self":[{"href":"https:\/\/www.lappituote.fi\/lapinlumo\/index.php?rest_route=\/wp\/v2\/product\/1491","targetHints":{"allow":["GET"]}}],"collection":[{"href":"https:\/\/www.lappituote.fi\/lapinlumo\/index.php?rest_route=\/wp\/v2\/product"}],"about":[{"href":"https:\/\/www.lappituote.fi\/lapinlumo\/index.php?rest_route=\/wp\/v2\/types\/product"}],"replies":[{"embeddable":true,"href":"https:\/\/www.lappituote.fi\/lapinlumo\/index.php?rest_route=%2Fwp%2Fv2%2Fcomments&post=1491"}],"version-history":[{"count":1,"href":"https:\/\/www.lappituote.fi\/lapinlumo\/index.php?rest_route=\/wp\/v2\/product\/1491\/revisions"}],"predecessor-version":[{"id":1493,"href":"https:\/\/www.lappituote.fi\/lapinlumo\/index.php?rest_route=\/wp\/v2\/product\/1491\/revisions\/1493"}],"wp:featuredmedia":[{"embeddable":true,"href":"https:\/\/www.lappituote.fi\/lapinlumo\/index.php?rest_route=\/wp\/v2\/media\/1492"}],"wp:attachment":[{"href":"https:\/\/www.lappituote.fi\/lapinlumo\/index.php?rest_route=%2Fwp%2Fv2%2Fmedia&parent=1491"}],"wp:term":[{"taxonomy":"product_brand","embeddable":true,"href":"https:\/\/www.lappituote.fi\/lapinlumo\/index.php?rest_route=%2Fwp%2Fv2%2Fproduct_brand&post=1491"},{"taxonomy":"product_cat","embeddable":true,"href":"https:\/\/www.lappituote.fi\/lapinlumo\/index.php?rest_route=%2Fwp%2Fv2%2Fproduct_cat&post=1491"},{"taxonomy":"product_tag","embeddable":true,"href":"https:\/\/www.lappituote.fi\/lapinlumo\/index.php?rest_route=%2Fwp%2Fv2%2Fproduct_tag&post=1491"}],"curies":[{"name":"wp","href":"https:\/\/api.w.org\/{rel}","templated":true}]}}